
Let b = 0 - -4. Suppose -2*y = 5*u - 2, 4*u + y - 5 = -b*y. Suppose u = -5*o + o + 64. What is the tens digit of o?
1
What is the hundreds digit of (0 - 1)/((-66)/23034)?
3
Let u = -60 + 30. Let w = 73 + u. Suppose -5*o + 177 = -w. What is the tens digit of o?
4
Let b = 90 + -96. What is the tens digit of 2589/12 + b/(-24)?
1
Let x = -106 + 181. Suppose 0 = -4*f - 3*l - 215, -2*f - 75 = -2*l - 3*l. Let r = x + f. What is the tens digit of r?
2
Let r be 3 + -7 - (5 + -4). Let j(d) = 15*d + 12. Let o be j(r). Let u = o - -117. What is the tens digit of u?
5
Let t = -92 - -43. Let a = t - -25. What is the units digit of (-6)/a + 43/4?
1
Let x(b) = b**3 - 7*b**2 + 6*b - 25. Let j be (-8)/(-44) + 172/22. What is the units digit of x(j)?
7
Let y(s) = -s**3 - 2*s**2 - 2. Let v be y(-2). Let l be -3*v*1/6. Let a(m) = 14*m - 1. What is the tens digit of a(l)?
1
Let j(p) = -p**2 + 22*p - 24. What is the units digit of j(14)?
8
Suppose -124*d = -129*d + 1190. What is the hundreds digit of d?
2
Suppose 3*o - 6*o = 0. Suppose 4*f = -o - 4. What is the units digit of (-34)/f - 18/(-6)?
7
What is the units digit of 4 + (-2 - -3) + 454 + 1?
0
Let j be 2 - (2 + -4 + -37). Let l = -38 + j. Suppose -2*x + 180 = l*x. What is the tens digit of x?
3
Let h = -22 + 25. Suppose -k - k - 11 = -h*a, -3*k = 4*a - 26. Suppose -5*p + 2*q = -181, -k*p + 4*q + 0*q + 66 = 0. What is the units digit of p?
7
Suppose -141*u + 143*u - 1346 = 0. What is the hundreds digit of u?
6
Let x = 300 + -268. What is the units digit of x?
2
Suppose 0 = -3*j + 2*k + 771, 7*j + k + 513 = 9*j. Suppose -j = -3*g + 2*u, -2*g + 159 = -6*u + u. What is the tens digit of g?
8
Suppose 0 = -4*j + 7*j - 12. Suppose 0 = j*r + 292 - 1112. Suppose -3*x = 5*z - r, -z + 65 = -5*x - 4. What is the units digit of z?
4
Let c be (-24)/5 - 12/60. Let k be ((-2)/4)/(c/130). What is the units digit of k + (-1 - (-2 + 0))?
4
Suppose 0 = -5*x - 3*x + 12736. What is the units digit of x?
2
Let f be (-5 - -6)/((-3)/267). What is the units digit of f/2*(-1)/((-7)/(-14))?
9
What is the thousands digit of 1155 + (-4 - 6/(12/2))?
1
Let n(s) = s - 9. Let p be n(-6). What is the units digit of (p/(-6))/((-5)/(-10))?
5
Let d(g) = 1848*g**2 + 11*g - 12. What is the thousands digit of d(1)?
1
Let x(r) = 42*r**3 - 3*r**2 + 4*r. Let z(s) = -s**3 - 12*s**2 - s - 10. Let f be z(-12). What is the tens digit of x(f)?
3
Let o be 73 - (-2 + 1 + 1). Let q = -366 + 365. Let n = q + o. What is the units digit of n?
2
Let o(r) be the third derivative of 5*r**4/8 + r**3/6 - 2*r**2. Let i be (-12)/(-36) - (-4)/6. What is the units digit of o(i)?
6
Let c be (-1)/(1*(-3)/36). Suppose -5*f + 2*x = -c, -f = -4*x + 5*x - 8. Suppose 0 = -0*a + f*a - 16. What is the units digit of a?
4
Suppose 6*s = 4162 + 1232. Suppose -8*f + 941 = -s. What is the tens digit of f?
3
Let t = 0 - -9. Suppose -5*r + a = -36, 2*r - 2*a - t = -1. Suppose 2*j - r = 0, -3*u + 0*j - 5*j = -44. What is the units digit of u?
8
Suppose 13*t - 2990 + 403 = 0. What is the units digit of t?
9
Let c(q) = 7 + 10*q**2 - 17*q**2 - 2*q**3 + 3*q**2 - q. What is the tens digit of c(-4)?
7
Let m be 1 + 7/(-4) - 1980/176. What is the tens digit of (-6)/8 + 111/m*-3?
2
Let d(b) = b**3 - 3*b**2 - b + 6. Let y = -20 + 11. Let z(k) = k**2 + 7*k - 13. Let s be z(y). What is the units digit of d(s)?
1
Suppose -d = -742 - 440. What is the thousands digit of d?
1
Let i(y) = -y**3 + 7*y**2 - 6*y + 2. Let v be i(6). Let c(l) = 9*l**2 - 3*l - l**3 + 2*l**2 - 8 - 3*l**v. What is the units digit of c(7)?
0
Suppose -3*v + 11 = n, 2*v + 0*n = -2*n + 2. Suppose -4*q + 12 = 0, 0 = 5*o + v*q - 0*q - 30. Suppose -o*p + 2*p = -7. What is the units digit of p?
7
Let m = 2032 + 559. What is the hundreds digit of m?
5
Let u be 4/6*(4 + -1). Suppose -99 = -3*z - u*d, 3*z + d = -4*d + 99. Suppose -6*f + z = -33. What is the units digit of f?
1
Let n = 3 - 0. Suppose -a = n - 6. Suppose 3*j + 5*r = 19, 2*j - a*r = -r + 18. What is the units digit of j?
8
Let v(k) = -k + 15. Let m = -22 - -62. Let h = m - 29. What is the units digit of v(h)?
4
Let g(s) = -8*s - 47. Let a be g(-9). Let y = -1 + -1. What is the units digit of y/(-1 - (-23)/a)?
5
Let p be (2 - -1) + 1 + -2. Suppose -59 = -p*x + 55. What is the tens digit of x?
5
Let y = -1 - -6. Let c = -16 - -38. Suppose 2*b = -u + 8, c = 3*b - y*u + 10. What is the units digit of b?
4
What is the units digit of (-414)/(-690) + 26104/10?
1
Let c = -173 - -120. Let j = c - -80. What is the tens digit of j?
2
Let k = -321 + 685. Suppose 0 = -4*x - y + k, -2*x - 2*y = -91 - 97. What is the tens digit of x?
9
Suppose 5*l + 7766 = 16*l. What is the units digit of l?
6
Let v be ((-19)/(-1))/1 - -2. Let p be v/14*(-2)/(-3). What is the units digit of (-4)/((-18)/16 + p)?
2
What is the tens digit of 5 - -19 - (-2 + 3)?
2
Let m(f) = f**3 + 5*f**2 + 6*f + 2. Let h be m(-4). Let s be (-14)/(-3)*63/(-14). Let g = h - s. What is the units digit of g?
5
Suppose -2*q - 3*q + 8687 = -3*b, 2*b = q - 1736. What is the thousands digit of q?
1
Suppose 0 = -3*d + 4113 - 54. What is the units digit of d?
3
Let f be (-2)/(-10) - 0 - 9/45. Suppose 4*n - 2*o = 22, f = -3*n - 3*o + 18 + 12. What is the units digit of n?
7
Let v(x) = -2*x + 2. Let t be v(6). Let i be (82/(-10))/(2/t). Suppose 8 - i = -3*h. What is the units digit of h?
1
Let s(i) = 2*i**2 + 8*i + 1. Suppose -3*g + 8 = -g. Suppose -3*r = g + 14. What is the units digit of s(r)?
5
Suppose 0 = 2*b - 370 - 246. Suppose -5*d + b = 2*d. What is the tens digit of d?
4
Let i be 18/(-30) - 632/(-20). Suppose i*y = 26*y + 55. What is the tens digit of y?
1
Let f = -126 - -261. What is the hundreds digit of f?
1
Suppose -5*p - 60 = -7*p. Suppose -4*s + 120 = -5*a, 2*a - p = 4*s - 138. What is the tens digit of s?
2
What is the hundreds digit of (2550/(-120))/((-1)/16)?
3
What is the hundreds digit of (((-29997)/(-18))/(-11))/((-6)/56)?
4
Let q = 60 + -69. Let m(c) be the second derivative of c**4/12 + 4*c**3/3 - 7*c**2/2 + c. What is the units digit of m(q)?
2
Let d be (-1)/(-1 - 824/(-820)). Let w = -140 - d. What is the tens digit of w?
6
Suppose 0 = -2*z + 7 - 71. Let t = z - -40. What is the units digit of t?
8
Let k(x) = x**3 + 12*x**2 - 13*x + 9. Let v = 28 + -41. Let a be k(v). What is the units digit of a/6*(-16)/(-6)?
4
Suppose -284 = y - 761. What is the tens digit of y?
7
Suppose -10 = -4*m - m + 5*a, 5*m - 45 = -2*a. Suppose -13*k + 732 = -m*k. What is the units digit of k?
2
Suppose -2*c = 2*t - 866, -3*t + 2*t + 423 = -c. Let x = -115 + t. What is the units digit of x?
3
Suppose -92*o + 18186 = -78*o. What is the tens digit of o?
9
What is the hundreds digit of (-803 - -1)/(32/(-32))?
8
Let d be (-1280)/30*9/2. Let v = -135 - d. What is the units digit of v?
7
Let g = -5467 - -10343. What is the hundreds digit of g?
8
Let m(g) = 628*g**3 + 2*g**2 + 3*g - 7. What is the thousands digit of m(2)?
5
Let m = 1712 - 617. What is the hundreds digit of m?
0
Let v(f) = f + 14. Let u = 17 + -29. What is the units digit of v(u)?
2
Let r(k) = k**2 - 5*k + 3. Let b be r(5). Let a(i) = 0 + 0 - 2*i**2 + 2*i - b*i - 1 + 4*i**3. What is the units digit of a(2)?
1
What is the hundreds digit of (-55722)/(-34) + 2 + 256/(-136)?
6
Suppose b + 0*b = -1. Let v be (-1 - b) + -4 + 5. What is the tens digit of v + 42 - 9/(-3)?
4
Let x = -44 - -24. Let f = x + 151. What is the units digit of f?
1
Let p be 42/(-18) - (-2)/6. Let w be 4*p/(-8) + -80. Let g = -42 - w. What is the units digit of g?
7
Suppose 4*a = -22*a + 208. What is the units digit of a?
8
Suppose -5 + 0 = -5*l, 0 = -5*n + l - 1. Suppose 0*t - 4*d = -t + 110, t + 5*d - 137 = n. What is the hundreds digit of t?
1
Suppose -a - 33 + 35 = 0, k = a + 1223. What is the hundreds digit of k?
2
Let o = -28 + 30. Let q(w) = -3*w**3 + 6*w**3 + 0*w**3 - 2 - 15*w - o*w**3 + 9*w**2. What is the units digit of q(-10)?
8
Suppose -2*l + 6673 = -0*s + 5*s, 4*s - 5352 = -5*l. What is the tens digit of s?
3
Let x = -4 - -41. What is the tens digit of x + (-2 + 3 - -1)?
3
Let m be 48/3 - (-6)/2. Suppose -m = 5*l + 31. What is the tens digit of ((-115)/l)/((-1)/(-2))?
2
Let b = 982 - -642. What is the hundreds digit of b?
6
Suppose 4*x = 7*x - 552. Suppose o + 3*o - x = 0. What is the tens digit o